{"id":6571,"date":"2026-04-28T10:46:09","date_gmt":"2026-04-28T08:46:09","guid":{"rendered":"https:\/\/langhuus.ch\/blog\/?post_type=tribe_events&#038;p=6571"},"modified":"2026-04-28T10:46:09","modified_gmt":"2026-04-28T08:46:09","slug":"judiths-voegel-fotoausstellung-vernissage","status":"publish","type":"tribe_events","link":"https:\/\/langhuus.ch\/blog\/event\/judiths-voegel-fotoausstellung-vernissage\/","title":{"rendered":"Judiths V\u00f6gel &#8211; Fotoausstellung &#8211; Vernissage"},"content":{"rendered":"<p align=\"left\"><span style=\"color: #000000;\"><span style=\"font-family: Candara, sans-serif;\"><b>&#8222;Man sieht den Vogel meistens erst, wenn er davonfliegt.&#8220;<\/b><\/span><\/span><span style=\"color: #000000;\"><span style=\"font-family: Candara, sans-serif;\"><br \/>\nFriedrich Hebbel (1813 &#8211; 1863)<\/span><\/span><\/p>\n<p>Judith Erni<span style=\"color: #000000;\"><span style=\"font-family: Candara, sans-serif;\">\u00a0(*1973), eine begeisterte Fotografin,\u00a0<\/span><\/span><span style=\"color: #000000;\"><span style=\"font-family: Candara, sans-serif;\">ist mit ihrem Rollstuhl oft unterwegs, mal ganz fr\u00fch am Morgen, mal w\u00e4hrend des Tages, mal sp\u00e4tabends. Was andere im Getriebe des Alltags \u00fcbersehen, entgeht ihr nicht.<br \/>\nSie entdeckt den Vogel oft, bevor er davonfliegt. So gelingt es ihr Bilder festzuhalten, die verg\u00e4nglich sind, die es so nur f\u00fcr einen kurzen Moment gibt, weil die Sonne gleich\u00a0<\/span><\/span><span style=\"color: #000000;\"><span style=\"font-family: Candara, sans-serif;\">aufgehen wird<\/span><\/span><span style=\"color: #000000;\"><span style=\"font-family: Candara, sans-serif;\">, weil die Katze bald merk<\/span><\/span><span style=\"color: #000000;\"><span style=\"font-family: Candara, sans-serif;\">en wird<\/span><\/span><span style=\"color: #000000;\"><span style=\"font-family: Candara, sans-serif;\">, dass R\u00fcckzug die richtige Taktik ist oder eben, weil der Vogel bald davonfliegen wird.<\/span><\/span><\/p>\n<p>Vernissage: 5.6.2026, 18 Uhr<br \/>\nFinissage: 10.7.2026, 18 Uhr<\/p>\n","protected":false},"excerpt":{"rendered":"<p>&#8222;Man sieht den Vogel meistens erst, wenn er davonfliegt.&#8220; Friedrich Hebbel (1813 &#8211; 1863) Judith Erni\u00a0(*1973), eine begeisterte Fotografin,\u00a0ist mit ihrem Rollstuhl oft unterwegs, mal ganz fr\u00fch am Morgen, mal [&hellip;]<\/p>\n","protected":false},"author":1,"featured_media":6565,"comment_status":"open","ping_status":"closed","template":"","meta":{"_et_pb_use_builder":"","_et_pb_old_content":"","_et_gb_content_width":"","_tribe_events_status":"","_tribe_events_status_reason":"","_tribe_events_is_hybrid":"","_tribe_events_is_virtual":"","_tribe_events_virtual_video_source":"","_tribe_events_virtual_embed_video":"","_tribe_events_virtual_linked_button_text":"","_tribe_events_virtual_linked_button":"","_tribe_events_virtual_show_embed_at":"","_tribe_events_virtual_show_embed_to":[],"_tribe_events_virtual_show_on_event":"","_tribe_events_virtual_show_on_views":"","_tribe_events_virtual_url":"","footnotes":""},"tags":[],"tribe_events_cat":[167,196,64],"class_list":["post-6571","tribe_events","type-tribe_events","status-publish","has-post-thumbnail","hentry","tribe_events_cat-ausstellung","tribe_events_cat-fotografie","tribe_events_cat-kunst","cat_ausstellung","cat_fotografie","cat_kunst"],"_links":{"self":[{"href":"https:\/\/langhuus.ch\/blog\/wp-json\/wp\/v2\/tribe_events\/6571","targetHints":{"allow":["GET"]}}],"collection":[{"href":"https:\/\/langhuus.ch\/blog\/wp-json\/wp\/v2\/tribe_events"}],"about":[{"href":"https:\/\/langhuus.ch\/blog\/wp-json\/wp\/v2\/types\/tribe_events"}],"author":[{"embeddable":true,"href":"https:\/\/langhuus.ch\/blog\/wp-json\/wp\/v2\/users\/1"}],"replies":[{"embeddable":true,"href":"https:\/\/langhuus.ch\/blog\/wp-json\/wp\/v2\/comments?post=6571"}],"version-history":[{"count":1,"href":"https:\/\/langhuus.ch\/blog\/wp-json\/wp\/v2\/tribe_events\/6571\/revisions"}],"predecessor-version":[{"id":6572,"href":"https:\/\/langhuus.ch\/blog\/wp-json\/wp\/v2\/tribe_events\/6571\/revisions\/6572"}],"wp:featuredmedia":[{"embeddable":true,"href":"https:\/\/langhuus.ch\/blog\/wp-json\/wp\/v2\/media\/6565"}],"wp:attachment":[{"href":"https:\/\/langhuus.ch\/blog\/wp-json\/wp\/v2\/media?parent=6571"}],"wp:term":[{"taxonomy":"post_tag","embeddable":true,"href":"https:\/\/langhuus.ch\/blog\/wp-json\/wp\/v2\/tags?post=6571"},{"taxonomy":"tribe_events_cat","embeddable":true,"href":"https:\/\/langhuus.ch\/blog\/wp-json\/wp\/v2\/tribe_events_cat?post=6571"}],"curies":[{"name":"wp","href":"https:\/\/api.w.org\/{rel}","templated":true}]}}

Judiths Vögel &#8211; Fotoausstellung &#8211; Vernissage

<p align="left"><span style="color: #000000;"><span style="font-family: Candara, sans-serif;"><b>&#8222;Man sieht den Vogel meistens erst, wenn er davonfliegt.&#8220;</b></span></span><span style="color: #000000;"><span style="font-family: Candara, sans-serif;"><br />
Friedrich Hebbel (1813 &#8211; 1863)</span></span></p>
<p>Judith Erni<span style="color: #000000;"><span style="font-family: Candara, sans-serif;"> (*1973), eine begeisterte Fotografin, </span></span><span style="color: #000000;"><span style="font-family: Candara, sans-serif;">ist mit ihrem Rollstuhl oft unterwegs, mal ganz früh am Morgen, mal während des Tages, mal spätabends. Was andere im Getriebe des Alltags übersehen, entgeht ihr nicht.<br />
Sie entdeckt den Vogel oft, bevor er davonfliegt. So gelingt es ihr Bilder festzuhalten, die vergänglich sind, die es so nur für einen kurzen Moment gibt, weil die Sonne gleich </span></span><span style="color: #000000;"><span style="font-family: Candara, sans-serif;">aufgehen wird</span></span><span style="color: #000000;"><span style="font-family: Candara, sans-serif;">, weil die Katze bald merk</span></span><span style="color: #000000;"><span style="font-family: Candara, sans-serif;">en wird</span></span><span style="color: #000000;"><span style="font-family: Candara, sans-serif;">, dass Rückzug die richtige Taktik ist oder eben, weil der Vogel bald davonfliegen wird.</span></span></p>
<p>Vernissage: 5.6.2026, 18 Uhr<br />
Finissage: 10.7.2026, 18 Uhr</p>

<p>&#8222;Man sieht den Vogel meistens erst, wenn er davonfliegt.&#8220; Friedrich Hebbel (1813 &#8211; 1863) Judith Erni (*1973), eine begeisterte Fotografin, ist mit ihrem Rollstuhl oft unterwegs, mal ganz früh am Morgen, mal [&hellip;]</p>
