{"id":4674,"date":"2024-09-27T16:06:53","date_gmt":"2024-09-27T14:06:53","guid":{"rendered":"https:\/\/langhuus.ch\/blog\/?post_type=tribe_events&#038;p=4674"},"modified":"2024-09-27T17:42:36","modified_gmt":"2024-09-27T15:42:36","slug":"saxophon-quartett-zeltweg-konzert","status":"publish","type":"tribe_events","link":"https:\/\/langhuus.ch\/blog\/event\/saxophon-quartett-zeltweg-konzert\/","title":{"rendered":"Saxophon Quartett Zeltweg &#8211; Konzert"},"content":{"rendered":"<p>[et_pb_section fb_built=&#8220;1&#8243; admin_label=&#8220;section&#8220; _builder_version=&#8220;4.16&#8243; global_colors_info=&#8220;{}&#8220;][et_pb_row admin_label=&#8220;row&#8220; _builder_version=&#8220;4.16&#8243; background_size=&#8220;initial&#8220; background_position=&#8220;top_left&#8220; background_repeat=&#8220;repeat&#8220; global_colors_info=&#8220;{}&#8220;][et_pb_column type=&#8220;4_4&#8243; _builder_version=&#8220;4.16&#8243; custom_padding=&#8220;|||&#8220; global_colors_info=&#8220;{}&#8220; custom_padding__hover=&#8220;|||&#8220;][et_pb_text admin_label=&#8220;Text&#8220; _builder_version=&#8220;4.25.1&#8243; background_size=&#8220;initial&#8220; background_position=&#8220;top_left&#8220; background_repeat=&#8220;repeat&#8220; hover_enabled=&#8220;0&#8243; global_colors_info=&#8220;{}&#8220; sticky_enabled=&#8220;0&#8243;]<\/p>\n<p data-pm-slice=\"1 1 []\">Das Zeltweg Saxofon Quartett besteht seit einem knappen Jahr. Die MusikerInnen stammen aus Z\u00fcrich und Baar.<br \/>Saxofon Quartett als Ensemble ist vielleicht wenig bekannt. Das klangliche Potential von vier Saxofonen kann wie eine Orgel oder wie eine Jazz Big Band klingen. Dies erlaubt uns ein vielf\u00e4ltiges Programm zu pflegen. Die Gruppe spielt St\u00fccke aus Klassik und Jazz. Unter anderem Musik von Komponisten so verschieden wie Josef Zawinul und Eug\u00e8ne Bozza.<\/p>\n<p>Die Mitglieder sind:<br \/>Urs Weber &#8211;\u00a0 Sopran<br \/>Patrick Sommer &#8211; Alto<br \/>Simone Aebischer &#8211; Tenor<br \/>Werner Jans &#8211; Bariton<br \/>Dan Mareen\u00a0 &#8211; Leitung<\/p>\n<p>Bar 19.00<br \/>Konzert 20.00<\/p>\n<p>[\/et_pb_text][\/et_pb_column][\/et_pb_row][\/et_pb_section]<\/p>\n","protected":false},"excerpt":{"rendered":"<p>Das Zeltweg Saxofon Quartett besteht seit einem knappen Jahr. Die MusikerInnen stammen aus Z\u00fcrich und Baar.Saxofon Quartett als Ensemble ist vielleicht wenig bekannt. Das klangliche Potential von vier Saxofonen kann [&hellip;]<\/p>\n","protected":false},"author":1,"featured_media":4675,"comment_status":"open","ping_status":"closed","template":"","meta":{"_et_pb_use_builder":"on","_et_pb_old_content":"<p data-pm-slice=\"1 1 []\">Das Zeltweg Saxofon Quartett besteht seit einem knappen Jahr. Die MusikerInnen stammen aus Z\u00fcrich und Baar.\r\nSaxofon Quartett als Ensemble ist vielleicht wenig bekannt. Das klangliche Potential von vier Saxofonen kann wie eine Orgel oder wie eine Jazz Big Band klingen. Dies erlaubt uns ein vielf\u00e4ltiges Programm zu pflegen. Die Gruppe spielt St\u00fccke aus Klassik und Jazz. Unter anderem Musik von Komponisten so verschieden wie Josef Zawinul und Eug\u00e8ne Bozza.<\/p>\r\nDie Mitglieder sind:\r\nUrs Kramer -\u00a0 Sopran\r\nPatrick Sommer - Alto\r\nSimone Aebischer - Tenor\r\nWerner Jans - Bariton\r\nDan Mareen\u00a0 - Leitung\r\n\r\nBar 19.00\r\nKonzert 20.00","_et_gb_content_width":"","_tribe_events_status":"","_tribe_events_status_reason":"","_tribe_events_is_hybrid":"","_tribe_events_is_virtual":"","_tribe_events_virtual_video_source":"","_tribe_events_virtual_embed_video":"","_tribe_events_virtual_linked_button_text":"","_tribe_events_virtual_linked_button":"","_tribe_events_virtual_show_embed_at":"","_tribe_events_virtual_show_embed_to":[],"_tribe_events_virtual_show_on_event":"","_tribe_events_virtual_show_on_views":"","_tribe_events_virtual_url":"","footnotes":""},"tags":[],"tribe_events_cat":[43],"class_list":["post-4674","tribe_events","type-tribe_events","status-publish","has-post-thumbnail","hentry","tribe_events_cat-konzert-live-musik","cat_konzert-live-musik"],"_links":{"self":[{"href":"https:\/\/langhuus.ch\/blog\/wp-json\/wp\/v2\/tribe_events\/4674","targetHints":{"allow":["GET"]}}],"collection":[{"href":"https:\/\/langhuus.ch\/blog\/wp-json\/wp\/v2\/tribe_events"}],"about":[{"href":"https:\/\/langhuus.ch\/blog\/wp-json\/wp\/v2\/types\/tribe_events"}],"author":[{"embeddable":true,"href":"https:\/\/langhuus.ch\/blog\/wp-json\/wp\/v2\/users\/1"}],"replies":[{"embeddable":true,"href":"https:\/\/langhuus.ch\/blog\/wp-json\/wp\/v2\/comments?post=4674"}],"version-history":[{"count":4,"href":"https:\/\/langhuus.ch\/blog\/wp-json\/wp\/v2\/tribe_events\/4674\/revisions"}],"predecessor-version":[{"id":4682,"href":"https:\/\/langhuus.ch\/blog\/wp-json\/wp\/v2\/tribe_events\/4674\/revisions\/4682"}],"wp:featuredmedia":[{"embeddable":true,"href":"https:\/\/langhuus.ch\/blog\/wp-json\/wp\/v2\/media\/4675"}],"wp:attachment":[{"href":"https:\/\/langhuus.ch\/blog\/wp-json\/wp\/v2\/media?parent=4674"}],"wp:term":[{"taxonomy":"post_tag","embeddable":true,"href":"https:\/\/langhuus.ch\/blog\/wp-json\/wp\/v2\/tags?post=4674"},{"taxonomy":"tribe_events_cat","embeddable":true,"href":"https:\/\/langhuus.ch\/blog\/wp-json\/wp\/v2\/tribe_events_cat?post=4674"}],"curies":[{"name":"wp","href":"https:\/\/api.w.org\/{rel}","templated":true}]}}

<p>[et_pb_section fb_built=&#8220;1&#8243; admin_label=&#8220;section&#8220; _builder_version=&#8220;4.16&#8243; global_colors_info=&#8220;{}&#8220;][et_pb_row admin_label=&#8220;row&#8220; _builder_version=&#8220;4.16&#8243; background_size=&#8220;initial&#8220; background_position=&#8220;top_left&#8220; background_repeat=&#8220;repeat&#8220; global_colors_info=&#8220;{}&#8220;][et_pb_column type=&#8220;4_4&#8243; _builder_version=&#8220;4.16&#8243; custom_padding=&#8220;|||&#8220; global_colors_info=&#8220;{}&#8220; custom_padding__hover=&#8220;|||&#8220;][et_pb_text admin_label=&#8220;Text&#8220; _builder_version=&#8220;4.25.1&#8243; background_size=&#8220;initial&#8220; background_position=&#8220;top_left&#8220; background_repeat=&#8220;repeat&#8220; hover_enabled=&#8220;0&#8243; global_colors_info=&#8220;{}&#8220; sticky_enabled=&#8220;0&#8243;]</p>
<p data-pm-slice="1 1 []">Das Zeltweg Saxofon Quartett besteht seit einem knappen Jahr. Die MusikerInnen stammen aus Zürich und Baar.<br />Saxofon Quartett als Ensemble ist vielleicht wenig bekannt. Das klangliche Potential von vier Saxofonen kann wie eine Orgel oder wie eine Jazz Big Band klingen. Dies erlaubt uns ein vielfältiges Programm zu pflegen. Die Gruppe spielt Stücke aus Klassik und Jazz. Unter anderem Musik von Komponisten so verschieden wie Josef Zawinul und Eugène Bozza.</p>
<p>Die Mitglieder sind:<br />Urs Weber &#8211;  Sopran<br />Patrick Sommer &#8211; Alto<br />Simone Aebischer &#8211; Tenor<br />Werner Jans &#8211; Bariton<br />Dan Mareen  &#8211; Leitung</p>
<p>Bar 19.00<br />Konzert 20.00</p>
<p>[/et_pb_text][/et_pb_column][/et_pb_row][/et_pb_section]</p>

<p>Das Zeltweg Saxofon Quartett besteht seit einem knappen Jahr. Die MusikerInnen stammen aus Zürich und Baar.Saxofon Quartett als Ensemble ist vielleicht wenig bekannt. Das klangliche Potential von vier Saxofonen kann [&hellip;]</p>

<p data-pm-slice="1 1 []">Das Zeltweg Saxofon Quartett besteht seit einem knappen Jahr. Die MusikerInnen stammen aus Zürich und Baar.
Saxofon Quartett als Ensemble ist vielleicht wenig bekannt. Das klangliche Potential von vier Saxofonen kann wie eine Orgel oder wie eine Jazz Big Band klingen. Dies erlaubt uns ein vielfältiges Programm zu pflegen. Die Gruppe spielt Stücke aus Klassik und Jazz. Unter anderem Musik von Komponisten so verschieden wie Josef Zawinul und Eugène Bozza.</p>
Die Mitglieder sind:
Urs Kramer -  Sopran
Patrick Sommer - Alto
Simone Aebischer - Tenor
Werner Jans - Bariton
Dan Mareen  - Leitung

Bar 19.00
Konzert 20.00
