{"id":3772,"date":"2023-09-19T17:04:42","date_gmt":"2023-09-19T15:04:42","guid":{"rendered":"https:\/\/langhuus.ch\/blog\/?post_type=tribe_events&#038;p=3772"},"modified":"2023-09-20T11:23:28","modified_gmt":"2023-09-20T09:23:28","slug":"lesung-apero-mit-sabina-galbiati","status":"publish","type":"tribe_events","link":"https:\/\/langhuus.ch\/blog\/event\/lesung-apero-mit-sabina-galbiati\/","title":{"rendered":"Buchlesung &#038; Ap\u00e9ro mit Journalistin Sabina Galbiati"},"content":{"rendered":"<p style=\"font-weight: 400;\">Wie werde ich mit weniger gl\u00fccklich? Welche Verpackung ist am umweltfreundlichsten? Wie viel Fleisch kann ich mit gutem Gewissen essen?<\/p>\n<p style=\"font-weight: 400;\">Die Autorin und Journalistin Sabina Galbiati nimmt 11 verschiedene Bereiche unseres t\u00e4glichen Lebens genauer unter die Lupe und liefert praktische Tipps und eigene Erfahrungsberichte zum Thema Nachhaltigkeit im Alltag.<\/p>\n<p style=\"font-weight: 400;\">Im Anschluss an die Lesung sind alle G\u00e4ste zu einem Ap\u00e9ro eingeladen. Einige Buchexemplare werden f\u00fcr 33 Franken zum Verkauf aufliegen. Das Buch ist auch in der Bibliothek Cham erh\u00e4ltlich.<\/p>\n<div id=\"attachment_3774\" style=\"width: 310px\" class=\"wp-caption alignnone\"><img loading=\"lazy\" decoding=\"async\" aria-describedby=\"caption-attachment-3774\" class=\"wp-image-3774 size-medium\" src=\"https:\/\/langhuus.ch\/blog\/wp-content\/uploads\/2023\/09\/Sabina-Galbiati-sm-300x214.jpg\" alt=\"\" width=\"300\" height=\"214\" \/><p id=\"caption-attachment-3774\" class=\"wp-caption-text\">Sabina Galbiati<\/p><\/div>\n<p style=\"font-weight: 400;\">Dieser Anlass wird im Rahmen der Initiative &#8222;Nachhaltig leben&#8220; von der Einwohnergemeinde Cham organisiert.<\/p>\n<p><b>Anmeldung bis 1. Oktober unter <a href=\"https:\/\/www.cham.ch\/energienews\">www.cham.ch &gt; Umwelt.Energie. &gt; Energie &gt; Energie-News<\/a><br \/>\n<\/b><b>oder Tel. 041 723 87 79<\/b><\/p>\n<p>Der Eintritt ist frei<\/p>\n","protected":false},"excerpt":{"rendered":"<p>Wie werde ich mit weniger gl\u00fccklich? Welche Verpackung ist am umweltfreundlichsten? Wie viel Fleisch kann ich mit gutem Gewissen essen? Die Autorin und Journalistin Sabina Galbiati nimmt 11 verschiedene Bereiche [&hellip;]<\/p>\n","protected":false},"author":1,"featured_media":3773,"comment_status":"open","ping_status":"closed","template":"","meta":{"_et_pb_use_builder":"","_et_pb_old_content":"","_et_gb_content_width":"","_tribe_events_status":"","_tribe_events_status_reason":"","_tribe_events_is_hybrid":"","_tribe_events_is_virtual":"","_tribe_events_virtual_video_source":"","_tribe_events_virtual_embed_video":"","_tribe_events_virtual_linked_button_text":"","_tribe_events_virtual_linked_button":"","_tribe_events_virtual_show_embed_at":"","_tribe_events_virtual_show_embed_to":[],"_tribe_events_virtual_show_on_event":"","_tribe_events_virtual_show_on_views":"","_tribe_events_virtual_url":"","footnotes":""},"tags":[],"tribe_events_cat":[60,58,57],"class_list":["post-3772","tribe_events","type-tribe_events","status-publish","has-post-thumbnail","hentry","tribe_events_cat-gesellschaft-gemeinschaft","tribe_events_cat-lesungen","tribe_events_cat-vortraege","cat_gesellschaft-gemeinschaft","cat_lesungen","cat_vortraege"],"_links":{"self":[{"href":"https:\/\/langhuus.ch\/blog\/wp-json\/wp\/v2\/tribe_events\/3772","targetHints":{"allow":["GET"]}}],"collection":[{"href":"https:\/\/langhuus.ch\/blog\/wp-json\/wp\/v2\/tribe_events"}],"about":[{"href":"https:\/\/langhuus.ch\/blog\/wp-json\/wp\/v2\/types\/tribe_events"}],"author":[{"embeddable":true,"href":"https:\/\/langhuus.ch\/blog\/wp-json\/wp\/v2\/users\/1"}],"replies":[{"embeddable":true,"href":"https:\/\/langhuus.ch\/blog\/wp-json\/wp\/v2\/comments?post=3772"}],"version-history":[{"count":5,"href":"https:\/\/langhuus.ch\/blog\/wp-json\/wp\/v2\/tribe_events\/3772\/revisions"}],"predecessor-version":[{"id":3780,"href":"https:\/\/langhuus.ch\/blog\/wp-json\/wp\/v2\/tribe_events\/3772\/revisions\/3780"}],"wp:featuredmedia":[{"embeddable":true,"href":"https:\/\/langhuus.ch\/blog\/wp-json\/wp\/v2\/media\/3773"}],"wp:attachment":[{"href":"https:\/\/langhuus.ch\/blog\/wp-json\/wp\/v2\/media?parent=3772"}],"wp:term":[{"taxonomy":"post_tag","embeddable":true,"href":"https:\/\/langhuus.ch\/blog\/wp-json\/wp\/v2\/tags?post=3772"},{"taxonomy":"tribe_events_cat","embeddable":true,"href":"https:\/\/langhuus.ch\/blog\/wp-json\/wp\/v2\/tribe_events_cat?post=3772"}],"curies":[{"name":"wp","href":"https:\/\/api.w.org\/{rel}","templated":true}]}}

Buchlesung &#038; Apéro mit Journalistin Sabina Galbiati

<p style="font-weight: 400;">Wie werde ich mit weniger glücklich? Welche Verpackung ist am umweltfreundlichsten? Wie viel Fleisch kann ich mit gutem Gewissen essen?</p>
<p style="font-weight: 400;">Die Autorin und Journalistin Sabina Galbiati nimmt 11 verschiedene Bereiche unseres täglichen Lebens genauer unter die Lupe und liefert praktische Tipps und eigene Erfahrungsberichte zum Thema Nachhaltigkeit im Alltag.</p>
<p style="font-weight: 400;">Im Anschluss an die Lesung sind alle Gäste zu einem Apéro eingeladen. Einige Buchexemplare werden für 33 Franken zum Verkauf aufliegen. Das Buch ist auch in der Bibliothek Cham erhältlich.</p>
<div id="attachment_3774" style="width: 310px" class="wp-caption alignnone"><img loading="lazy" decoding="async" aria-describedby="caption-attachment-3774" class="wp-image-3774 size-medium" src="https://langhuus.ch/blog/wp-content/uploads/2023/09/Sabina-Galbiati-sm-300x214.jpg" alt="" width="300" height="214" /><p id="caption-attachment-3774" class="wp-caption-text">Sabina Galbiati</p></div>
<p style="font-weight: 400;">Dieser Anlass wird im Rahmen der Initiative &#8222;Nachhaltig leben&#8220; von der Einwohnergemeinde Cham organisiert.</p>
<p><b>Anmeldung bis 1. Oktober unter <a href="https://www.cham.ch/energienews">www.cham.ch &gt; Umwelt.Energie. &gt; Energie &gt; Energie-News</a><br />
</b><b>oder Tel. 041 723 87 79</b></p>
<p>Der Eintritt ist frei</p>

<p>Wie werde ich mit weniger glücklich? Welche Verpackung ist am umweltfreundlichsten? Wie viel Fleisch kann ich mit gutem Gewissen essen? Die Autorin und Journalistin Sabina Galbiati nimmt 11 verschiedene Bereiche [&hellip;]</p>
