{"id":2582,"date":"2022-09-27T00:17:52","date_gmt":"2022-09-26T22:17:52","guid":{"rendered":"https:\/\/langhuus.ch\/blog\/?post_type=tribe_events&#038;p=2582"},"modified":"2022-11-05T07:20:08","modified_gmt":"2022-11-05T06:20:08","slug":"konzert-helmi","status":"publish","type":"tribe_events","link":"https:\/\/langhuus.ch\/blog\/event\/konzert-helmi\/","title":{"rendered":"Konzert mit Skymorph &#038; Live Drawing mit Pirmin Beeler"},"content":{"rendered":"<p dir=\"auto\">Das Duo in der unkonventionellen Besetzung mit Cello und E-Gitarre kreiert instrumentale Klang-Metamorphosen.<\/p>\n<p dir=\"auto\">Von ruhigen, sph\u00e4risch melancholischen Stimmungen zu lauten, epischen Postrock Ausbr\u00fcchen, von rhythmisch vertrackten Elementen \u00fcber ausufernde, experimentelle Passagen bis zu brachialen Noise Attacken; die Kompositionen und das dynamische Zusammenspiel der beiden Instrumente \u00fcberraschen mit musikalisch unerwarteten Landschaftsbildern und Sound Eskapaden.<\/p>\n","protected":false},"excerpt":{"rendered":"<p>Das Duo in der unkonventionellen Besetzung mit Cello und E-Gitarre kreiert instrumentale Klang-Metamorphosen. Von ruhigen, sph\u00e4risch melancholischen Stimmungen zu lauten, epischen Postrock Ausbr\u00fcchen, von rhythmisch vertrackten Elementen \u00fcber ausufernde, experimentelle [&hellip;]<\/p>\n","protected":false},"author":1,"featured_media":2729,"comment_status":"open","ping_status":"closed","template":"","meta":{"_et_pb_use_builder":"","_et_pb_old_content":"","_et_gb_content_width":"","_tribe_events_status":"","_tribe_events_status_reason":"","_tribe_events_is_hybrid":"","_tribe_events_is_virtual":"","_tribe_events_virtual_video_source":"","_tribe_events_virtual_embed_video":"","_tribe_events_virtual_linked_button_text":"","_tribe_events_virtual_linked_button":"","_tribe_events_virtual_show_embed_at":"","_tribe_events_virtual_show_embed_to":[],"_tribe_events_virtual_show_on_event":"","_tribe_events_virtual_show_on_views":"","_tribe_events_virtual_url":"","footnotes":""},"tags":[55,47,88,130,40,78,38,131,100,127,45,30,99,46,48,65,129,128],"tribe_events_cat":[62,60,43],"class_list":["post-2582","tribe_events","type-tribe_events","status-publish","has-post-thumbnail","hentry","tag-austausch","tag-band","tag-barbetrieb","tag-cello","tag-cham","tag-gemeinschaft","tag-gesellschaft","tag-gitarre","tag-in-concert","tag-indie","tag-konzert","tag-langhuus","tag-live-gig","tag-live-musik","tag-musik","tag-musizieren","tag-noise","tag-prog","tribe_events_cat-barbetrieb","tribe_events_cat-gesellschaft-gemeinschaft","tribe_events_cat-konzert-live-musik","cat_barbetrieb","cat_gesellschaft-gemeinschaft","cat_konzert-live-musik"],"_links":{"self":[{"href":"https:\/\/langhuus.ch\/blog\/wp-json\/wp\/v2\/tribe_events\/2582","targetHints":{"allow":["GET"]}}],"collection":[{"href":"https:\/\/langhuus.ch\/blog\/wp-json\/wp\/v2\/tribe_events"}],"about":[{"href":"https:\/\/langhuus.ch\/blog\/wp-json\/wp\/v2\/types\/tribe_events"}],"author":[{"embeddable":true,"href":"https:\/\/langhuus.ch\/blog\/wp-json\/wp\/v2\/users\/1"}],"replies":[{"embeddable":true,"href":"https:\/\/langhuus.ch\/blog\/wp-json\/wp\/v2\/comments?post=2582"}],"version-history":[{"count":5,"href":"https:\/\/langhuus.ch\/blog\/wp-json\/wp\/v2\/tribe_events\/2582\/revisions"}],"predecessor-version":[{"id":2728,"href":"https:\/\/langhuus.ch\/blog\/wp-json\/wp\/v2\/tribe_events\/2582\/revisions\/2728"}],"wp:featuredmedia":[{"embeddable":true,"href":"https:\/\/langhuus.ch\/blog\/wp-json\/wp\/v2\/media\/2729"}],"wp:attachment":[{"href":"https:\/\/langhuus.ch\/blog\/wp-json\/wp\/v2\/media?parent=2582"}],"wp:term":[{"taxonomy":"post_tag","embeddable":true,"href":"https:\/\/langhuus.ch\/blog\/wp-json\/wp\/v2\/tags?post=2582"},{"taxonomy":"tribe_events_cat","embeddable":true,"href":"https:\/\/langhuus.ch\/blog\/wp-json\/wp\/v2\/tribe_events_cat?post=2582"}],"curies":[{"name":"wp","href":"https:\/\/api.w.org\/{rel}","templated":true}]}}

<p dir="auto">Das Duo in der unkonventionellen Besetzung mit Cello und E-Gitarre kreiert instrumentale Klang-Metamorphosen.</p>
<p dir="auto">Von ruhigen, sphärisch melancholischen Stimmungen zu lauten, epischen Postrock Ausbrüchen, von rhythmisch vertrackten Elementen über ausufernde, experimentelle Passagen bis zu brachialen Noise Attacken; die Kompositionen und das dynamische Zusammenspiel der beiden Instrumente überraschen mit musikalisch unerwarteten Landschaftsbildern und Sound Eskapaden.</p>

<p>Das Duo in der unkonventionellen Besetzung mit Cello und E-Gitarre kreiert instrumentale Klang-Metamorphosen. Von ruhigen, sphärisch melancholischen Stimmungen zu lauten, epischen Postrock Ausbrüchen, von rhythmisch vertrackten Elementen über ausufernde, experimentelle [&hellip;]</p>
