{"id":2570,"date":"2022-09-26T23:45:36","date_gmt":"2022-09-26T21:45:36","guid":{"rendered":"https:\/\/langhuus.ch\/blog\/?post_type=tribe_events&#038;p=2570"},"modified":"2022-09-27T00:02:46","modified_gmt":"2022-09-26T22:02:46","slug":"offenes-singen","status":"publish","type":"tribe_events","link":"https:\/\/langhuus.ch\/blog\/event\/offenes-singen\/","title":{"rendered":"Offenes Singen"},"content":{"rendered":"<p>Gemeinsames Singen mit Liedern f\u00fcr alle, aus aller Welt. Mehrheitlich stammen die Lieder aus dem \u201eStimmvolk\u201c-Fundus von Karin Jana Beck und Matthias Gerber aus Winterthur, aber es gibt auch Lieder aus Taiz\u00e9 oder von Helge Burggrabe. Ordner mit Textbl\u00e4ttern zu den Liedern ist vorhanden. Lydia Ehinger und ihr Partner Michael Semlitsch leiten den Abend an.<\/p>\n<p>Ein Abend f\u00fcr alle Menschen, die die M\u00f6glichkeit nutzen m\u00f6chten, dass Wohltuende des gemeinsamen Singens erfahren zu d\u00fcrfen. Topfkollekte.<\/p>\n<p>Weitere Hintergrundinformationen sowie Stimmproben und Texte gibt&#8217;s auf: <a href=\"https:\/\/stimmvolk.ch\/\">stimmvolk.ch<\/a><\/p>\n","protected":false},"excerpt":{"rendered":"<p>Gemeinsames Singen mit Liedern f\u00fcr alle, aus aller Welt. Mehrheitlich stammen die Lieder aus dem \u201eStimmvolk\u201c-Fundus von Karin Jana Beck und Matthias Gerber aus Winterthur, aber es gibt auch Lieder [&hellip;]<\/p>\n","protected":false},"author":1,"featured_media":2064,"comment_status":"open","ping_status":"closed","template":"","meta":{"_et_pb_use_builder":"","_et_pb_old_content":"","_et_gb_content_width":"","_tribe_events_status":"","_tribe_events_status_reason":"","_tribe_events_is_hybrid":"","_tribe_events_is_virtual":"","_tribe_events_virtual_video_source":"","_tribe_events_virtual_embed_video":"","_tribe_events_virtual_linked_button_text":"","_tribe_events_virtual_linked_button":"","_tribe_events_virtual_show_embed_at":"","_tribe_events_virtual_show_embed_to":[],"_tribe_events_virtual_show_on_event":"","_tribe_events_virtual_show_on_views":"","_tribe_events_virtual_url":"","footnotes":""},"tags":[55,39,78,38,89,30,48,65,114],"tribe_events_cat":[62,60,43],"class_list":["post-2570","tribe_events","type-tribe_events","status-publish","has-post-thumbnail","hentry","tag-austausch","tag-gemeinsam","tag-gemeinschaft","tag-gesellschaft","tag-kulturfabrik","tag-langhuus","tag-musik","tag-musizieren","tag-singen","tribe_events_cat-barbetrieb","tribe_events_cat-gesellschaft-gemeinschaft","tribe_events_cat-konzert-live-musik","cat_barbetrieb","cat_gesellschaft-gemeinschaft","cat_konzert-live-musik"],"_links":{"self":[{"href":"https:\/\/langhuus.ch\/blog\/wp-json\/wp\/v2\/tribe_events\/2570","targetHints":{"allow":["GET"]}}],"collection":[{"href":"https:\/\/langhuus.ch\/blog\/wp-json\/wp\/v2\/tribe_events"}],"about":[{"href":"https:\/\/langhuus.ch\/blog\/wp-json\/wp\/v2\/types\/tribe_events"}],"author":[{"embeddable":true,"href":"https:\/\/langhuus.ch\/blog\/wp-json\/wp\/v2\/users\/1"}],"replies":[{"embeddable":true,"href":"https:\/\/langhuus.ch\/blog\/wp-json\/wp\/v2\/comments?post=2570"}],"version-history":[{"count":1,"href":"https:\/\/langhuus.ch\/blog\/wp-json\/wp\/v2\/tribe_events\/2570\/revisions"}],"predecessor-version":[{"id":2571,"href":"https:\/\/langhuus.ch\/blog\/wp-json\/wp\/v2\/tribe_events\/2570\/revisions\/2571"}],"wp:featuredmedia":[{"embeddable":true,"href":"https:\/\/langhuus.ch\/blog\/wp-json\/wp\/v2\/media\/2064"}],"wp:attachment":[{"href":"https:\/\/langhuus.ch\/blog\/wp-json\/wp\/v2\/media?parent=2570"}],"wp:term":[{"taxonomy":"post_tag","embeddable":true,"href":"https:\/\/langhuus.ch\/blog\/wp-json\/wp\/v2\/tags?post=2570"},{"taxonomy":"tribe_events_cat","embeddable":true,"href":"https:\/\/langhuus.ch\/blog\/wp-json\/wp\/v2\/tribe_events_cat?post=2570"}],"curies":[{"name":"wp","href":"https:\/\/api.w.org\/{rel}","templated":true}]}}

<p>Gemeinsames Singen mit Liedern für alle, aus aller Welt. Mehrheitlich stammen die Lieder aus dem „Stimmvolk“-Fundus von Karin Jana Beck und Matthias Gerber aus Winterthur, aber es gibt auch Lieder aus Taizé oder von Helge Burggrabe. Ordner mit Textblättern zu den Liedern ist vorhanden. Lydia Ehinger und ihr Partner Michael Semlitsch leiten den Abend an.</p>
<p>Ein Abend für alle Menschen, die die Möglichkeit nutzen möchten, dass Wohltuende des gemeinsamen Singens erfahren zu dürfen. Topfkollekte.</p>
<p>Weitere Hintergrundinformationen sowie Stimmproben und Texte gibt&#8217;s auf: <a href="https://stimmvolk.ch/">stimmvolk.ch</a></p>

<p>Gemeinsames Singen mit Liedern für alle, aus aller Welt. Mehrheitlich stammen die Lieder aus dem „Stimmvolk“-Fundus von Karin Jana Beck und Matthias Gerber aus Winterthur, aber es gibt auch Lieder [&hellip;]</p>
