{"id":2,"date":"2015-04-02T07:13:44","date_gmt":"2015-04-02T07:13:44","guid":{"rendered":"https:\/\/langhuus.ch\/blog\/?page_id=2"},"modified":"2025-03-27T14:11:43","modified_gmt":"2025-03-27T13:11:43","slug":"about","status":"publish","type":"page","link":"https:\/\/langhuus.ch\/blog\/about\/","title":{"rendered":"\u00dcber uns"},"content":{"rendered":"<p>[et_pb_section fb_built=&#8220;1&#8243; admin_label=&#8220;section&#8220; _builder_version=&#8220;4.16&#8243; global_colors_info=&#8220;{}&#8220;][et_pb_row admin_label=&#8220;row&#8220; _builder_version=&#8220;4.16&#8243; background_size=&#8220;initial&#8220; background_position=&#8220;top_left&#8220; background_repeat=&#8220;repeat&#8220; custom_padding=&#8220;27px|0px|27px|0px|false|false&#8220; global_colors_info=&#8220;{}&#8220;][et_pb_column type=&#8220;4_4&#8243; _builder_version=&#8220;4.16&#8243; custom_padding=&#8220;|||&#8220; global_colors_info=&#8220;{}&#8220; custom_padding__hover=&#8220;|||&#8220;][et_pb_text admin_label=&#8220;Text&#8220; _builder_version=&#8220;4.27.4&#8243; background_size=&#8220;initial&#8220; background_position=&#8220;top_left&#8220; background_repeat=&#8220;repeat&#8220; custom_padding=&#8220;||8px|||&#8220; hover_enabled=&#8220;0&#8243; global_colors_info=&#8220;{}&#8220; sticky_enabled=&#8220;0&#8243;]<\/p>\n<h1>Wir sind ein bunter Haufen<\/h1>\n<p>Wir betreiben die Langhuus Kulturfabrik Cham. Mit Engagement setzen wir uns ein f\u00fcr ein lebendiges, spannendes und multifunktionales Haus. Es steht allen offen, es zu nutzen und mitzugestalten.<\/p>\n<p><a href=\"https:\/\/langhuus.ch\/blog\/wp-content\/uploads\/2025\/03\/Statuten-Langhuus-Kulturfabrik-250325.pdf\" target=\"_blank\" rel=\"noopener\">Statuten Langhuus Kulturfabrik (PDF)<\/a><\/p>\n<p>[\/et_pb_text][et_pb_button button_url=&#8220;https:\/\/vereiniglanghuus.clubdesk.com\/mitgliedschaft&#8220; url_new_window=&#8220;on&#8220; button_text=&#8220;Werde Mitglied&#8220; _builder_version=&#8220;4.16.0&#8243; custom_button=&#8220;on&#8220; button_text_color=&#8220;#FF59B9&#8243; button_bg_color=&#8220;RGBA(255,255,255,0)&#8220; global_colors_info=&#8220;{}&#8220;][\/et_pb_button][et_pb_image src=&#8220;https:\/\/langhuus.ch\/blog\/wp-content\/uploads\/2019\/07\/Cafe-Bar-im-Langhuus-24.jpeg&#8220; title_text=&#8220;Cafe-Bar-im Langhuus (24)&#8220; _builder_version=&#8220;4.16&#8243; _module_preset=&#8220;default&#8220; global_colors_info=&#8220;{}&#8220;][\/et_pb_image][\/et_pb_column][\/et_pb_row][\/et_pb_section]<\/p>\n","protected":false},"excerpt":{"rendered":"<p>Wir sind ein bunter Haufen Wir betreiben die Langhuus Kulturfabrik Cham. Mit Engagement setzen wir uns ein f\u00fcr ein lebendiges, spannendes und multifunktionales Haus. Es steht allen offen, es zu [&hellip;]<\/p>\n","protected":false},"author":1,"featured_media":14,"parent":0,"menu_order":0,"comment_status":"open","ping_status":"open","template":"","meta":{"_et_pb_use_builder":"on","_et_pb_old_content":"<h1>Ausgangslage<\/h1>\r\n<span style=\"font-weight: 400;\">Die Gemeinde Cham erh\u00e4lt das Lagerhaus am Eingang des Papieri-Areals. Sie will das Objekt der Allgemeinheit \u00f6ffnen. <\/span>\r\n\r\n<span style=\"font-weight: 400;\">Mittels einer Ausschreibung erwirkt sie die Eingabe von Ideen zur Nutzung des Hauses im \u00f6ffentlichen Interesse. <\/span>\r\n\r\n<span style=\"font-weight: 400;\">Die IG Langhuus packt die Gelegenheit beim Schopf und reicht ihre Ideen dazu ein.<\/span>\r\n\r\n<strong><span style=\"font-weight: 400;\">Die IG Langhuus hat sich formiert aus Interessierten, die sich mit Engagement f\u00fcr ein lebendiges, spannendes und multifunktionales Haus einsetzen wollen. <\/span><\/strong>\r\n<h1>Unsere Vision<\/h1>\r\n<span style=\"font-weight: 400;\">Das Langhuus steht am Eingang des Papieri-\u00adAreals nahe des Dorfzentrums. Es ist ein lebendiger Treffpunkt, ein Markt, ein Atelier, ein Ort f\u00fcr Veranstaltungen und Kurse. Zu jeder Zeit trifft man hier Menschen an: Handwerker beim Zn\u00fcni im Caf\u00e9; Eltern mit kleinen Kindern, die sich am Nachmittag in der Spielecke austoben; Bastler, die am Abend im Atelier an ihrem Projekt arbeiten; eine Theatergruppe, die f\u00fcr die Auff\u00fchrung vom kommenden Wochenende probt usw. <\/span>\r\n\r\nDas Langhuus bietet Raum f\u00fcr alle denkbaren Projekte: vom Repair-Caf\u00e9 zur Ausstellung und Lesung \u00a0bis zum Flohmarkt ist unter diesem \u201cDach\u201d alles m\u00f6glich.\u00a0 Daf\u00fcr vorgesehen sind die <span style=\"font-weight: 400;\">Module: Werkstatt &amp; Atelier | Auftritte &amp; Anl\u00e4sse | Gardening &amp; Aussenraum | Gastronomie &amp; Kochen | Markt &amp; Angebote.<\/span>\r\n\r\nDas Langhuus bleibt permanent provisorisch. So erfindet es sich selbst immer wieder neu und wandelt sich mit den Jahreszeiten. Im Sommer wird der Aussenraum mit einbezogen. Die ehemaligen Laderampen mit den grossen Toren erm\u00f6glichen dies auf einfache Weise. Im Winter lassen die Verglasungen hinter den Toren so viel Licht wie m\u00f6glich in den Innenraum. Grosse beheizbare Kuben \u00a0(Raum in Raum) sorgen auch dann f\u00fcr die angenehme Nutzung. Die Ausstattung setzt bewusst auf wandelbare Strukturen. Die Geschichte des ehemaligen Industriestandorts ist sp\u00fcrbar. Als ehemaliges Lagerhaus wird es mit einfachen Mitteln wie Paletten m\u00f6bliert.\r\n\r\nDas Langhuus wird von Chamerinnen und Chamern rege genutzt. Es zieht mit seiner Einzigartigkeit auch Besucher und Veranstalter aus der Region an.\r\n\r\n&nbsp;\r\n<h1>Aufruf<\/h1>\r\n<strong>Willst Du das Projekt mitgestalten und mitpr\u00e4gen? <a title=\"Kontakt\" href=\"https:\/\/langhuus.ch\/blog\/?page_id=16\">Melde dich bei uns!<\/a><\/strong>","_et_gb_content_width":"","footnotes":""},"class_list":["post-2","page","type-page","status-publish","has-post-thumbnail","hentry"],"_links":{"self":[{"href":"https:\/\/langhuus.ch\/blog\/wp-json\/wp\/v2\/pages\/2","targetHints":{"allow":["GET"]}}],"collection":[{"href":"https:\/\/langhuus.ch\/blog\/wp-json\/wp\/v2\/pages"}],"about":[{"href":"https:\/\/langhuus.ch\/blog\/wp-json\/wp\/v2\/types\/page"}],"author":[{"embeddable":true,"href":"https:\/\/langhuus.ch\/blog\/wp-json\/wp\/v2\/users\/1"}],"replies":[{"embeddable":true,"href":"https:\/\/langhuus.ch\/blog\/wp-json\/wp\/v2\/comments?post=2"}],"version-history":[{"count":39,"href":"https:\/\/langhuus.ch\/blog\/wp-json\/wp\/v2\/pages\/2\/revisions"}],"predecessor-version":[{"id":5465,"href":"https:\/\/langhuus.ch\/blog\/wp-json\/wp\/v2\/pages\/2\/revisions\/5465"}],"wp:featuredmedia":[{"embeddable":true,"href":"https:\/\/langhuus.ch\/blog\/wp-json\/wp\/v2\/media\/14"}],"wp:attachment":[{"href":"https:\/\/langhuus.ch\/blog\/wp-json\/wp\/v2\/media?parent=2"}],"curies":[{"name":"wp","href":"https:\/\/api.w.org\/{rel}","templated":true}]}}